*2 + 13*p. Let x be k(-6). What is the greatest common divisor of 2 and x?
2
Suppose -3*u = 4*x - 774 - 1052, -2*x + 3*u = -904. Suppose 3*v + 2*v = x. Let h = -2 - -15. Calculate the greatest common divisor of v and h.
13
Let z = -128 - -213. Calculate the greatest common factor of z and 25.
5
Suppose -3*m + 3 + 6 = 0. Suppose -k + m*d - 1 - 8 = 0, -4*k - 2 = 5*d. Let g = k - -11. Calculate the greatest common factor of 2 and g.
2
Let i be (-3 - -3) + 6 + -3. Suppose h + 8 = -5*d, 3*d + i + 9 = 0. Calculate the greatest common divisor of h and 96.
12
Let q(i) = 261*i**2 - 4*i - 1. Suppose 0 = -12*f - 14 + 2. Let b be q(f). Calculate the highest common factor of 24 and b.
24
Suppose 0 = 15*b - 34 - 11. Let p be (2 - 1) + (34 - 0). Suppose -b = -2*t + p. Calculate the highest common factor of t and 152.
19
Let t be -3*3*(-2)/18 + 116. Calculate the greatest common divisor of 65 and t.
13
Let j(r) = -r**2 - 18*r + 24. Let p be 2/(-3)*(18 - (3 - 9)). Let w be j(p). Calculate the greatest common divisor of w and 7.
7
Let u = 21 + -3. Let z be u/4 - 2/4. Suppose -4*y - 32 = -2*a - 0*a, -a - y = -z. Calculate the highest common divisor of 16 and a.
8
Suppose -4*n - 24*n + 10752 = 0. Calculate the highest common divisor of n and 4.
4
Suppose 7*n - 16*n = -5400. What is the highest common factor of n and 12?
12
Let o = -226 + 317. Suppose 0 = 10*s - o + 1. Calculate the highest common divisor of 45 and s.
9
Let f be -1*50/5*(-1)/2. Suppose 7*o - 430 = -f*x + 2*o, -106 = -x - 5*o. What is the highest common factor of 9 and x?
9
Suppose 0 = -27*b - 10*b + 1036. Calculate the highest common divisor of b and 28.
28
Let l be 76/6 + 7/21. Suppose 0*t = -t - 3*m + l, 3*m - 21 = -3*t. What is the greatest common factor of 4 and t?
4
Suppose -2*x + 93 = -3*s, -5*x - 216 = -10*x + 2*s. Suppose -840 = -0*r - 8*r. Calculate the greatest common factor of r and x.
21
Let y(t) = t**3 + 18*t**2 + 26*t - 8. Let z be y(-16). Calculate the greatest common factor of z and 550.
22
Suppose -293*z + 295*z = 352. What is the greatest common divisor of 22 and z?
22
Let z be 2 + 3/((-24)/(-280)). Calculate the greatest common divisor of z and 333.
37
Suppose 79 - 91 = -2*z. Suppose 7*b - 10 = z*b + i, b - 2*i = 15. Calculate the greatest common divisor of b and 65.
5
Let l(h) = 2*h**3 - 5*h**2 - h + 1. Let n be l(5). Let y be -3*1*n/(-33). Calculate the highest common factor of y and 33.
11
Let i(k) = k**3 - 16*k**2 - 56*k + 26. Let f be i(19). Calculate the greatest common factor of 9 and f.
9
Let k be 63 - 13 - (0 + 1). Let o = -31 + k. Calculate the highest common divisor of o and 2.
2
Let c = -4 - -52. What is the highest common divisor of 66 and c?
6
Suppose b + 0*b = 0. Let j(o) = -8*o - 65. Let c be j(-8). Let m be 5 + (c - 2) + b. Calculate the greatest common divisor of m and 3.
1
Suppose -250 = -9*i - 7. Let t be (-4)/10 - (-24)/10. Let f be (1 - t*6)*-27. What is the highest common divisor of f and i?
27
Suppose 0 = 5*q - 20, 3 = i - 3*q - 0. What is the greatest common factor of i and 135?
15
Suppose 23*m = 44*m - 735. What is the highest common factor of 1435 and m?
35
Let o be 436/4 - (-7 + 6). Calculate the highest common factor of o and 20.
10
Suppose 65*b + 125 = 90*b. Calculate the highest common factor of b and 295.
5
Suppose 0 = -0*l - 3*l + 48. Let d be ((-9)/6)/((-24)/l). What is the highest common divisor of 8 and d?
1
Let a(t) = -27*t - 79. Let c be a(-4). Calculate the greatest common divisor of c and 2639.
29
Let g be 4/8*1214 + 2/2. What is the highest common factor of 16 and g?
16
Let n(o) = -o**3 - 6*o**2 - o + 6. Let a be n(-7). Let j be a/(-155) + 454/10. What is the highest common divisor of 18 and j?
9
Suppose -2*d - 4 + 8 = 0. Let g be (12/(-10))/(d/(-80)). Suppose -2*f - 8 = -g. Calculate the greatest common divisor of f and 100.
20
Let b(d) = 17*d + 4. Let z be b(3). Suppose 325 = 9*s + 226. Calculate the highest common factor of z and s.
11
Suppose 0 = 13*o - 3*o - 20. Let c be (2/(-6))/(o/(-84)). What is the highest common factor of 98 and c?
14
Let b(w) be the first derivative of 2*w**2 + 21. Let z be b(3). Calculate the greatest common factor of z and 6.
6
Let x = 352 + -337. What is the greatest common factor of x and 5205?
15
Let u(v) = 15*v**2 - 18*v - 12. Let c be u(4). Calculate the greatest common factor of 24 and c.
12
Suppose 80 = -7*s + 47*s. Let l = 0 - -6. What is the highest common divisor of l and s?
2
Suppose -8*a + 2*a + 12 = 0. Suppose 5*s + a*s = 105. Suppose 8*b - 225 = 3*b. What is the highest common divisor of s and b?
15
Suppose 2659 = 27*u + 472. Calculate the greatest common divisor of u and 12.
3
Let d(p) = 0*p**2 + 7*p**2 + 0*p**2 - 4*p**2 + 22*p. Let j be d(-9). Calculate the greatest common divisor of j and 30.
15
Let n = 2 + -11. Let u(s) = -6*s + 19. Let k be u(n). Let w = k - 33. Calculate the highest common factor of w and 100.
20
Let w(h) = -3*h + 17. Let u be w(5). Let y(k) = 0 - u + 0 + 24*k**2 - k + 0. Let q be y(-2). Calculate the highest common factor of q and 12.
12
Let u be (-23025)/(-120) + (-2)/(-16). What is the highest common factor of 448 and u?
64
Let f = 27 + -6. Let l be 4/18 + 4/(-18). Suppose 4*w + l*w - 4*m = 428, -519 = -5*w - 3*m. What is the highest common divisor of w and f?
21
Let q = 17 + -10. Suppose -q - 5 = -n. Calculate the highest common divisor of n and 4.
4
Let t = -1345 - -1705. Calculate the highest common divisor of 162 and t.
18
Let n = 3479 + -3383. Let f = 23 + -35. Let a = f - -24. What is the highest common factor of a and n?
12
Let o(y) = y - 3. Let x be o(2). Let s be ((-481)/(-39))/(x/(-3)). Calculate the greatest common factor of 185 and s.
37
Suppose -121*w + 114*w = -140. What is the highest common divisor of w and 12?
4
Let z = 26 + 14. Suppose z = 3*s + 2*s. What is the highest common divisor of s and 16?
8
Let x = 1073 - 803. What is the highest common divisor of 27 and x?
27
Suppose -8607 = -3*b + 2*p, -p + 9372 = 3*b + 756. What is the greatest common divisor of b and 99?
99
Suppose 3*j + 2*j = 20. Suppose 2*y - j*y = -186. Let z = -18 + y. What is the greatest common factor of 50 and z?
25
Let f(l) = -2*l**2 - 26*l - 17. Let g be f(-9). What is the greatest common factor of 5 and g?
5
Suppose -1680 = -12*g + 2*g. What is the greatest common factor of 42 and g?
42
Suppose 0 = -20*q + 105*q - 1105. Suppose -h - h + 520 = 0. What is the highest common divisor of h and q?
13
Suppose -23*p + 2700 = -980. Calculate the highest common factor of p and 60.
20
Let u be (6/(-27) - (-3705)/27) + 14/2. Suppose -6 = -d + 10. What is the highest common divisor of d and u?
16
Suppose 3*l + 531 + 27 = 5*v, 232 = 2*v + l. What is the highest common divisor of 76 and v?
38
Suppose 13 = -8*y + 293. What is the greatest common factor of y and 175?
35
Let j be (-56)/(-40)*(3 + -3 + 85). Calculate the highest common factor of j and 35.
7
Let p = -13 + 28. Let g = 11 + -6. Suppose 0 = 2*x - 3*t - 23, -5*x = g*t - 61 + 16. What is the highest common divisor of p and x?
5
Suppose -2*f + 2 = 0, -2*f + 69 + 77 = 4*u. Calculate the greatest common factor of u and 84.
12
Let s be 24 + (-4)/2 + 2. Let z be (12*10)/(-24 + 26). What is the greatest common factor of z and s?
12
Let t be 2793/28 - (-4)/16. Calculate the greatest common factor of 540 and t.
20
Suppose -5*a + 10 = 0, t = -5*a + 10*a + 507. Calculate the greatest common factor of t and 141.
47
Let g(f) = -f**3 + 6*f**2 - 6*f. Let b be g(4). Let d be ((-576)/160)/(-1 - b/(-10)). Calculate the highest common divisor of d and 45.
9
Let r = -969 - -1645. What is the greatest common factor of 8 and r?
4
Let h(z) = 163*z - 1. Let w be h(1). Let s = 2466 - 2448. What is the highest common divisor of w and s?
18
Let l be 474/4 - (-2)/((-8)/(-6)). Let v be (l/(-75))/(8/5 + -2). What is the highest common divisor of v and 16?
4
Let r be 3*-1 + -2 + -1. Let w be (-5)/(2*3/r). Suppose w*h = 21 + 584. Calculate the highest common factor of h and 11.
11
Let g = -144 - -179. Calculate the greatest common factor of 5 and g.
5
Let h = 1432 - 1322. What is the highest common factor of h and 176?
22
Let b be 0 - -205 - (-675)/(-75). What is the highest common divisor of b and 21?
7
Suppose 5*k = 0, -3*k + 450 = -15*t + 18*t. Calculate the g